divisor of x and 11.
1
Suppose 0 = 6*q - 9 - 3. Suppose -2*h - 6 = 4, 0 = 3*r - q*h - 76. Calculate the highest common factor of r and 2.
2
Let l(q) = q**2 + 2. Let z be l(0). Let x be (-27)/(-24)*(-8)/12*-24. What is the highest common divisor of z and x?
2
Suppose -350 = -5*x - r - r, -5*r = -x + 97. What is the greatest common divisor of 24 and x?
24
Let m = 10 - 7. Suppose m*l - 3*d + 12 = 0, 12 = -6*l + 3*l + 4*d. Let k = l + 18. What is the highest common divisor of 70 and k?
14
Let i(q) = q**2 + 8*q + 9. Let p be i(-6). Let o = p + 15. Let c be (38 + -2)/((-3)/(-10)). What is the greatest common factor of c and o?
12
Let s(c) = 26*c + 6. Suppose -r = -2*i + 13, 2*r = -4*i + 4 + 18. Let h be s(i). Calculate the greatest common divisor of 18 and h.
18
Let l = 40 - -5. Let y = 77 - l. What is the greatest common divisor of 8 and y?
8
Let k be -2 + (-2)/(-1) + 4. Suppose -3*v - k*g = -32, 27 = 5*v + 2*g - 31. Calculate the highest common factor of 36 and v.
12
Let m be -2 + (14 - (-2)/(-1)). Let l = 158 + -78. What is the highest common divisor of l and m?
10
Let l(b) = -5*b + 2. Suppose -2*n - 8 = -0. Let d be l(n). What is the greatest common divisor of 11 and d?
11
Let a be (2/(-8))/(4/(-16)). Let j = a - -2. Suppose -q - w - 4*w + 60 = 0, 2*w = j*q - 163. What is the greatest common factor of q and 5?
5
Suppose 0 = y + 4*y + g - 86, -3*y + g = -50. What is the highest common divisor of 51 and y?
17
Suppose 5*h + 0 - 15 = 0. Let r be -6*((-9)/h - 3). Suppose -l + 2*l = -5*p + 42, -3 = l. Calculate the greatest common divisor of p and r.
9
Suppose 2*v - 4*a - 6 = 0, 5*v - 14 = 3*a + 8. Calculate the greatest common divisor of 80 and v.
5
Let l(z) = -z**2 + 4*z. Let y be l(3). Suppose 0 = 2*k + y*k - 560. Suppose x - 25 + 11 = 0. Calculate the highest common factor of k and x.
14
Suppose -5*p = 2*z - 4*z - 85, 2*p = -3*z + 15. Calculate the highest common divisor of p and 6.
3
Let x be (6/(-10))/(1/(-55)). Let p = -43 - -65. What is the highest common factor of x and p?
11
Let u = -4 + 17. Calculate the highest common divisor of u and 143.
13
Suppose -5*u + 1100 + 385 = 0. Calculate the greatest common divisor of u and 27.
27
Let l be (-8)/(-8) - (-1 - -1). Let z(s) = 15*s**2 - s + 2. Let u be z(l). What is the greatest common divisor of u and 16?
16
Let h(u) = u + 1. Let v be h(3). Suppose -2*a = -6 + 2, v*t + 5*a = 658. Calculate the greatest common divisor of t and 18.
18
Suppose 9*r + 399 = 28*r. Calculate the greatest common factor of r and 21.
21
Suppose 7*q - 4*q = -5*b - 4, 5*b + 8 = -q. What is the highest common divisor of q and 5?
1
Let p = 265 - 177. Let h = -6 + 14. Calculate the greatest common divisor of h and p.
8
Suppose 0 = 5*b + 3*w + 4 - 16, -3*b - 3*w = -6. Suppose 4*k + 73 = b*z, z = -2*k - 0*z - 49. Let q = k + 54. What is the highest common divisor of q and 48?
16
Suppose 8*x + k + 269 = 10*x, -2*x + 266 = -4*k. Calculate the greatest common divisor of x and 15.
15
Let o(s) = 4*s**2 + s**3 - 2 - 7*s**2 - 4*s**3. Let d(m) = m**2 - m - 3. Let l be d(0). Let y be o(l). What is the greatest common factor of 13 and y?
13
Let z(q) = -18*q - 1. Let f be z(-1). Suppose -39 - 29 = -4*d. Calculate the highest common factor of d and f.
17
Suppose 24 = g - 4*t, 3*g - 7*g + 31 = -3*t. Calculate the greatest common divisor of 44 and g.
4
Let o(l) = 0*l + 3 - 3*l**2 + 4*l**2 - 4*l + 3*l. Let g be o(-4). Suppose -g = -4*a + 17. What is the highest common factor of a and 40?
10
Suppose 2*y - 6*y - 29 = -f, 0 = f + 5*y - 11. Calculate the highest common divisor of f and 21.
21
Let m be (-4)/(-5)*20/(-8). Let l be m/(((-2)/(-15))/(-2)). Suppose -3*u = -0*u - l. Calculate the greatest common divisor of u and 80.
10
Let j = 0 - -3. Suppose 5*l = -16 + 136. Suppose -2*m + 0*b + b = -l, 2*b = j*m - 36. What is the greatest common factor of m and 36?
12
Let j = 0 - -3. Let x be 38/j*(-6)/(-4). Calculate the greatest common divisor of 19 and x.
19
Let t = 8 - -2. What is the greatest common divisor of 10 and t?
10
Suppose 4*a - 388 = -5*o, -a - 385 = -5*o - 6*a. Calculate the highest common factor of o and 10.
10
Let g = 55 + -3. Let i be g/14 - 2/(-7). Calculate the highest common factor of 16 and i.
4
Let n be (-18)/((-2)/(-56)*-6). Suppose 3*g - 7*g + n = 0. What is the greatest common factor of 42 and g?
21
Let c(j) = -j + 1. Let x(v) = -24*v + 2. Let t(w) = 5*c(w) - x(w). Let q be t(3). Suppose 4*s - 156 = -q. What is the greatest common factor of 3 and s?
3
Let p(g) = -49*g**3 + 1. Let a be p(-1). Let n be (-20)/7*14/(-4). What is the greatest common divisor of n and a?
10
Let m(t) = t**2 + 2*t + 2. Let c be m(4). Let r be (3/2)/(30/1300). What is the highest common divisor of r and c?
13
Let y = 72 + -35. Calculate the greatest common divisor of y and 111.
37
Suppose p - 3*o = 0, -4*p + 1 = -2*p - 5*o. What is the highest common divisor of 27 and p?
3
Suppose 3*g - 8*k = -4*k + 49, 4*g + 2*k = 58. Suppose -3*p = 3, 5*c - 2*c + p - 224 = 0. What is the highest common divisor of c and g?
15
Suppose 3*c = -2*c. Suppose c = 5*f - o - 132, -3*f + 5*o = 2*f - 120. What is the highest common divisor of f and 3?
3
Let k be 508/14 + (-2)/7. Let t be (-30)/(-5) + (1 - -2). Calculate the greatest common factor of t and k.
9
Let m(v) = 7*v. Suppose -4*y + 8 = -0*y. Let s be m(y). Suppose -5*f = -s - 1. Calculate the highest common divisor of f and 3.
3
Let o = -6 - -6. Suppose 3*x - 2*x - 125 = o. Suppose 4*z = -4*y + 132, 30 = 5*z - 5*y - x. What is the greatest common factor of 80 and z?
16
Let y(i) = 2*i - 3. Let l be y(4). Suppose -3*r - l = -4*r. Suppose -r*x + 408 = 23. What is the greatest common divisor of 11 and x?
11
Suppose -2*h + 6*h = 12. What is the highest common divisor of 48 and h?
3
Let i(q) = 4*q**2 - 2*q - 2. Suppose 0 = d - 2. Let t be i(d). Suppose 2*p - p = 20. What is the highest common divisor of p and t?
10
Let r be 3*(10/(-3))/(-2). Let z(m) = 48*m + 3. Let d be z(r). Suppose 4*j = -19 + d. What is the highest common factor of 8 and j?
8
Let l be (-14)/56 + 114/8. What is the highest common factor of 28 and l?
14
Let k be (-6)/21 - 32/(-14). Let i be ((-28)/49)/((-2)/7). Let m be (-45)/i*4/(-5). Calculate the greatest common factor of k and m.
2
Let z(u) = u**2 - 9*u - 12. Let n be z(12). What is the highest common divisor of 8 and n?
8
Let v(l) be the third derivative of -3*l**4/8 - 7*l**3/6 - 2*l**2. Let k be v(-5). Suppose -3*d + 37 = -k. Calculate the greatest common factor of 10 and d.
5
Let h(i) = -14*i**2 + i - 4. Let g be h(2). Let k be (-26)/117 + g/(-18). What is the greatest common factor of k and 27?
3
Let d be (-1)/(((-18)/(-396))/(3/(-2))). Calculate the highest common divisor of 22 and d.
11
Suppose m - 2 - 26 = 0. Suppose -6*u = -8*u + 8. What is the greatest common factor of u and m?
4
Let f(s) = -s. Let v be f(-4). What is the highest common factor of v and 36?
4
Let g be 2/(8/444 - (-1 + 1)). Calculate the highest common factor of g and 74.
37
Let j = -189 - -198. Calculate the greatest common divisor of j and 261.
9
Let u be (0 + -1 - -7) + -2. Let s(l) = 2*l**2 - 3*l - 5. Let i be s(u). Calculate the greatest common factor of i and 5.
5
Suppose -3*t = -4*t + 12. Suppose 3*l - 6*l = -t. Let w be (-1 + 2/l)*-12. What is the highest common divisor of 54 and w?
6
Suppose 3*q - 158 - 247 = 0. What is the highest common factor of 15 and q?
15
Let j(m) = -2*m**3 - m**2 - m. Let g be j(-1). Let c = 66 + -44. What is the highest common factor of g and c?
2
Suppose -3*n + 20 = 2*n. Suppose 8*h + n*f = 3*h + 23, -3*h = f - 11. Suppose 0 = -p, h*d + 2*p - 3 = 12. What is the highest common divisor of 10 and d?
5
Let y(d) be the second derivative of -d**3/6 + d**2/2 - 4*d. Let n be y(-4). What is the highest common divisor of n and 2?
1
Suppose -3*u = -2*l + 6*l - 75, u = 2*l + 15. Let h(b) = -2*b - 11. Let t be h(-7). Calculate the highest common factor of u and t.
3
Let l(y) = -y**3 - 6*y**2 + 8*y + 10. Let r be l(-7). Suppose 3*f - 24 = r*z, -5*z = f + 2*f + 8. Calculate the highest common factor of f and 32.
4
Let q(c) = 0 - 3*c**2 - 4*c + 5*c**2 - 1. Let z be q(3). Let j be ((-2)/(-2))/(1/25). Calculate the highest common factor of j and z.
5
Let w be -2*(-3)/(-6) - 0. Let z be 355/15 - w/3. Suppose 3